{"id":2,"date":"2023-11-29T10:19:14","date_gmt":"2023-11-29T10:19:14","guid":{"rendered":"http:\/\/verena-guenther.de\/?page_id=2"},"modified":"2026-03-17T13:13:30","modified_gmt":"2026-03-17T13:13:30","slug":"uebermich","status":"publish","type":"page","link":"https:\/\/verena-guenther.de\/?page_id=2","title":{"rendered":"\u00dcber mich"},"content":{"rendered":"\t\t<div data-elementor-type=\"wp-page\" data-elementor-id=\"2\" class=\"elementor elementor-2\">\n\t\t\t\t<div class=\"elementor-element elementor-element-d2366d0 e-flex e-con-boxed e-con e-parent\" data-id=\"d2366d0\" data-element_type=\"container\">\n\t\t\t\t\t<div class=\"e-con-inner\">\n\t\t<div class=\"elementor-element elementor-element-bad19ce e-con-full e-flex e-con e-child\" data-id=\"bad19ce\" data-element_type=\"container\">\n\t\t\t\t<div class=\"elementor-element elementor-element-adf9e9c elementor-widget elementor-widget-image\" data-id=\"adf9e9c\" data-element_type=\"widget\" data-widget_type=\"image.default\">\n\t\t\t\t<div class=\"elementor-widget-container\">\n\t\t\t<style>\/*! elementor - v3.22.0 - 26-06-2024 *\/\n.elementor-widget-image{text-align:center}.elementor-widget-image a{display:inline-block}.elementor-widget-image a img[src$=\".svg\"]{width:48px}.elementor-widget-image img{vertical-align:middle;display:inline-block}<\/style>\t\t\t\t\t\t\t\t\t\t<img fetchpriority=\"high\" decoding=\"async\" width=\"683\" height=\"1024\" src=\"https:\/\/verena-guenther.de\/wp-content\/uploads\/2026\/03\/Frau-auf-Holzspielplatzstruktur-im-Sonnenlicht-683x1024.png\" class=\"attachment-large size-large wp-image-845\" alt=\"\" srcset=\"https:\/\/verena-guenther.de\/wp-content\/uploads\/2026\/03\/Frau-auf-Holzspielplatzstruktur-im-Sonnenlicht-683x1024.png 683w, https:\/\/verena-guenther.de\/wp-content\/uploads\/2026\/03\/Frau-auf-Holzspielplatzstruktur-im-Sonnenlicht-200x300.png 200w, https:\/\/verena-guenther.de\/wp-content\/uploads\/2026\/03\/Frau-auf-Holzspielplatzstruktur-im-Sonnenlicht-768x1152.png 768w, https:\/\/verena-guenther.de\/wp-content\/uploads\/2026\/03\/Frau-auf-Holzspielplatzstruktur-im-Sonnenlicht.png 1024w\" sizes=\"(max-width: 683px) 100vw, 683px\" \/>\t\t\t\t\t\t\t\t\t\t\t\t\t<\/div>\n\t\t\t\t<\/div>\n\t\t\t\t<\/div>\n\t\t<div class=\"elementor-element elementor-element-f5e4e13 e-con-full e-flex e-con e-child\" data-id=\"f5e4e13\" data-element_type=\"container\">\n\t\t\t\t<div class=\"elementor-element elementor-element-290f5a17 elementor-widget elementor-widget-text-editor\" data-id=\"290f5a17\" data-element_type=\"widget\" data-widget_type=\"text-editor.default\">\n\t\t\t\t<div class=\"elementor-widget-container\">\n\t\t\t<style>\/*! elementor - v3.22.0 - 26-06-2024 *\/\n.elementor-widget-text-editor.elementor-drop-cap-view-stacked .elementor-drop-cap{background-color:#69727d;color:#fff}.elementor-widget-text-editor.elementor-drop-cap-view-framed .elementor-drop-cap{color:#69727d;border:3px solid;background-color:transparent}.elementor-widget-text-editor:not(.elementor-drop-cap-view-default) .elementor-drop-cap{margin-top:8px}.elementor-widget-text-editor:not(.elementor-drop-cap-view-default) .elementor-drop-cap-letter{width:1em;height:1em}.elementor-widget-text-editor .elementor-drop-cap{float:left;text-align:center;line-height:1;font-size:50px}.elementor-widget-text-editor .elementor-drop-cap-letter{display:inline-block}<\/style>\t\t\t\t<p style=\"color: #282828; font-family: Inter, sans-serif; font-size: 17px; text-align: left;\"><span style=\"letter-spacing: 0px;\"><b>Hallo, ich bin Verena.<\/b>&nbsp;Achtsamkeit und die Verbindung zu mir und meiner Umwelt begleitet mich schon seit meiner Jugend.<\/span><\/p>\n<p style=\"color: #282828; font-family: Inter, sans-serif; font-size: 17px; text-align: left;\">2016 ist die Gewaltfreie Kommunikation (GFK) in mein Leben gekommen und hat mein Leben auf den Kopf gestellt. Seitdem liebe, \u00fcbe und lebe ich mit der GFK. Mein Leben ist dadurch soviel reicher an <span style=\"font-weight: bolder;\">Verbindung<\/span>,&nbsp;<span style=\"font-weight: bolder;\">Begegnung<\/span>, <span style=\"font-weight: bolder;\">Tiefe<\/span>,&nbsp;<span style=\"font-weight: bolder;\">Lebendigkeit<\/span>, <span style=\"font-weight: bolder;\">Verst\u00e4ndnis&nbsp;<\/span>und <span style=\"font-weight: bolder;\">Authentizit\u00e4t<\/span>.&nbsp;<\/p>\n<p style=\"color: #282828; font-family: Inter, sans-serif; font-size: 17px;\">Mein Herz hat sofort \u201eJA\u201c gesagt zur&nbsp;<span style=\"font-weight: bolder;\">Haltung und Methode der GFK<\/span>, die Umsetzung im Alltag war und ist oft hingegen alles andere als leicht. Ich habe gemerkt<span style=\"letter-spacing: 0px;\">: It\u2019s easy, but not simple\u2026.<\/span><\/p>\n<p style=\"color: #282828; font-family: Inter, sans-serif; font-size: 17px;\">Als Ehefrau und Mama von 3 Kindern mangelt es in unserer Familie nicht an Konflikten. Diese&nbsp;<span style=\"font-weight: bolder;\">achtsam und liebevoll zu begleiten, ohne zu bewerten oder bestrafen<\/span>&nbsp;und dabei&nbsp;<span style=\"font-weight: bolder;\">alle Gef\u00fchle da sein zu lassen<\/span>, ist mir ein gro\u00dfes Herzensanliegen.&nbsp;<\/p>\n<p style=\"color: #282828; font-family: Inter, sans-serif; font-size: 17px;\">2021 kam mit dem 3. Kind auch das Wissen aus dem Aware Parenting in unsere Familie und hat mir und uns einen noch tieferen und leichteren Zugang zueinander geschenkt.<\/p>\n<p style=\"color: #282828; font-family: Inter, sans-serif; font-size: 17px;\">Ich habe in all den Jahren, in denen mich die Achtsamkeit, die GFK und das Aware Parenting begleitet, einiges an Erfahrung gesammelt. Neben dem regem\u00e4\u00dfigen Besuch von GFK-Workshops und selbst geleiteten Trainings bei Schulen und Sportst\u00e4tten sowie GFK-Einf\u00fchrungskursen und \u00dcbungsgruppen f\u00fcr Eltern und P\u00e4dagogen, haben mich und meine Arbeit folgende Schritte gepr\u00e4gt:<\/p>\n<ul style=\"color: #282828; font-family: Inter, sans-serif; font-size: 16px;\">\n<li>\n<p>2016 GFK Einf\u00fchrungsseminar<\/p>\n<\/li>\n<li>\n<p>2018 &#8211; 2020 w\u00f6chentlichen GKF \u00dcbungsgruppe<\/p>\n<\/li>\n<li>\n<p>2020\/2021 Ausbildung zum GFK-Trainer bei Tassilo Peters<\/p>\n<\/li>\n<li>\n<p>2021-2023 GFK-Trainert\u00e4tigkeiten im Team Tassilo<\/p>\n<\/li>\n<li>\n<p>2022\/2023 Ausbildung zur Aware Parenting Familienberaterin<\/p>\n<\/li>\n<li>\n<p><span style=\"background-color: transparent; letter-spacing: 0px;\">seit 2022 Vorstand im Verein FamilienFREUZeit e.V. &#8211; Veranstalter von GFK-Familienfreizeiten<\/span><\/p>\n<\/li>\n<li>\n<p>seit 2022 eigene GFK-Trainings<\/p>\n<\/li>\n<li style=\"font-size: 16px;\">\n<p>seit 2023 Eltern- und Familienberatung<\/p>\n<\/li>\n<li>\n<p>2024 Ausbildung Familiensprechen<\/p>\n<\/li>\n<\/ul>\n<p style=\"color: #282828; font-family: Inter, sans-serif; font-size: 17px;\">Meine Arbeit mit Eltern ist gepr\u00e4gt von Achtsamkeit, Gewaltfreier Kommunikation und Aware Parenting. Sie verbindet konkrete Impulse f\u00fcr den Familienalltag mit innerer Kl\u00e4rung und Tiefe \u2013 f\u00fcr tragf\u00e4hige Beziehungen und ein liebe- und friedvolles Miteinander.<\/p>\n<p><!-- \/wp:paragraph --><!-- wp:paragraph --><\/p>\n<p><!-- \/wp:paragraph --><!-- wp:paragraph --><\/p>\n<p><!-- \/wp:paragraph --><\/p>\t\t\t\t\t\t<\/div>\n\t\t\t\t<\/div>\n\t\t\t\t<\/div>\n\t\t\t\t\t<\/div>\n\t\t\t\t<\/div>\n\t\t<div class=\"elementor-element elementor-element-4d8376b9 e-flex e-con-boxed e-con e-parent\" data-id=\"4d8376b9\" data-element_type=\"container\">\n\t\t\t\t\t<div class=\"e-con-inner\">\n\t\t\t\t\t<\/div>\n\t\t\t\t<\/div>\n\t\t\t\t<\/div>\n\t\t","protected":false},"excerpt":{"rendered":"<p>Hallo, ich bin Verena.&nbsp;Achtsamkeit und die Verbindung zu mir und meiner Umwelt begleitet mich schon seit meiner Jugend. 2016 ist die Gewaltfreie Kommunikation (GFK) in mein Leben gekommen und hat mein Leben auf den Kopf gestellt. Seitdem liebe, \u00fcbe und lebe ich mit der GFK. Mein Leben ist dadurch soviel reicher an Verbindung,&nbsp;Begegnung, Tiefe,&nbsp;Lebendigkeit, Verst\u00e4ndnis&nbsp;und [&hellip;]<\/p>\n","protected":false},"author":1,"featured_media":0,"parent":0,"menu_order":4,"comment_status":"closed","ping_status":"closed","template":"","meta":{"footnotes":""},"class_list":["post-2","page","type-page","status-publish","hentry"],"_links":{"self":[{"href":"https:\/\/verena-guenther.de\/index.php?rest_route=\/wp\/v2\/pages\/2","targetHints":{"allow":["GET"]}}],"collection":[{"href":"https:\/\/verena-guenther.de\/index.php?rest_route=\/wp\/v2\/pages"}],"about":[{"href":"https:\/\/verena-guenther.de\/index.php?rest_route=\/wp\/v2\/types\/page"}],"author":[{"embeddable":true,"href":"https:\/\/verena-guenther.de\/index.php?rest_route=\/wp\/v2\/users\/1"}],"replies":[{"embeddable":true,"href":"https:\/\/verena-guenther.de\/index.php?rest_route=%2Fwp%2Fv2%2Fcomments&post=2"}],"version-history":[{"count":27,"href":"https:\/\/verena-guenther.de\/index.php?rest_route=\/wp\/v2\/pages\/2\/revisions"}],"predecessor-version":[{"id":849,"href":"https:\/\/verena-guenther.de\/index.php?rest_route=\/wp\/v2\/pages\/2\/revisions\/849"}],"wp:attachment":[{"href":"https:\/\/verena-guenther.de\/index.php?rest_route=%2Fwp%2Fv2%2Fmedia&parent=2"}],"curies":[{"name":"wp","href":"https:\/\/api.w.org\/{rel}","templated":true}]}}